{"id":5709,"date":"2023-06-14T11:04:44","date_gmt":"2023-06-14T09:04:44","guid":{"rendered":"https:\/\/www.swash-formation.fr\/?post_type=formation&#038;p=5709"},"modified":"2026-01-13T16:32:06","modified_gmt":"2026-01-13T15:32:06","slug":"dynamisez-vos-publications-avec-canva","status":"publish","type":"formation","link":"https:\/\/www.swash-formation.fr\/formation\/dynamisez-vos-publications-avec-canva\/","title":{"rendered":"Dynamisez vos publications avec Canva"},"template":"","domaine":[8],"motcle":[20,37,30,21],"metier":[54,55],"etiquette":[],"type_ra":[80],"logiciel":[343],"class_list":["post-5709","formation","type-formation","status-publish","hentry","domaine-formation-contenus-reseaux-sociaux","motcle-maquette","motcle-productivite","motcle-reseaux-sociaux","motcle-tendances","metier-charge-de-communication","metier-chef-de-projet-digital","type_ra-inter","logiciel-canva","no-post-thumbnail"],"acf":{"FOR_Format":"80","FOR_SousTitre":"Exploiter le potentiel de Canva pour produire des visuels fixes ou anim\u00e9s","FOR_Jours":1,"FOR_Heures":7,"FOR_Duree":"7 heures collectives + 1 heure de mentorat distanciel","FOR_DureeTxt":"1 jour \/ 7 heures","FOR_Prix":750,"FOR_Ref":"M12","FOR_Niveau":"Initiation","FOR_PrixComplet":"750 euros HT %2F Soit 900 euros TTC","FOR_PrixCourt":"750 \u20ac HT","FOR_Support":"","FOR_ProgPdf":"","FOR_Intervenants":[1619],"FOR_Comp":"<p><span style=\"font-weight: 400;\">Int\u00e9grer les principes de la composition graphique et exp\u00e9rimenter les fonctionnalit\u00e9s de Canva pour cr\u00e9er des pr\u00e9sentations, moodboards, vid\u00e9os\u2026<\/span><\/p>","FOR_Obj":"<ul>\r\n\t<li style=\"font-weight: 400;\"><span style=\"font-weight: 400;\">Personnaliser son environnement de travail\u00a0<\/span><\/li>\r\n\t<li style=\"font-weight: 400;\"><span style=\"font-weight: 400;\">Rappeler les r\u00e8gles de base de la composition graphique\u2026 Et les appliquer\u00a0<\/span><\/li>\r\n\t<li style=\"font-weight: 400;\"><span style=\"font-weight: 400;\">Dynamiser et animer ses visuels<\/span><\/li>\r\n\t<li style=\"font-weight: 400;\"><span style=\"font-weight: 400;\">Explorer les fonctionnalit\u00e9s d\u2019intelligence artificielle de Canva<\/span><\/li>\r\n<\/ul>","FOR_Valider":"<ul>\r\n\t<li>votre projet et le contexte de votre demande pour co-construire le programme d\u00e9finitif<\/li>\r\n\t<li>le format\u00a0: pr\u00e9sentiel et\/ou distanciel<\/li>\r\n\t<li>le tarif\u00a0: calcul\u00e9 selon le temps de pr\u00e9paration, les moyens \u00e0 mobiliser, le nombre de jours, le lieu de la formation\u2026<\/li>\r\n\t<li>*la dur\u00e9e\u00a0: \u00e0 confirmer selon les pr\u00e9requis et les objectifs \u00e0 atteindre par les apprenants<\/li>\r\n<\/ul>","FOR_5Raisons":"","FOR_Public":"<p><span style=\"font-weight: 400;\">Tous les professionnels de la communication et du marketing sont concern\u00e9s.<\/span><\/p>","FOR_Prerequis":"<p><span style=\"font-weight: 400;\">Il est n\u00e9cessaire d\u2019\u00eatre \u00e0 l\u2019aise en informatique.<\/span><\/p>","FOR_Programme":"<h3 class=\"chapitre\">Personnaliser son environnement de travail<\/h3>\r\n<ul>\r\n\t<li>Comparer la version pro et la version payante<\/li>\r\n\t<li>Organiser ses dossiers avec m\u00e9thode<\/li>\r\n\t<li>Importer les \u00e9l\u00e9ments de sa marque : couleurs, polices, logos, visuels et illustrations\u00a0<\/li>\r\n\t<li>Identifier les fonctionnalit\u00e9s de travail collaboratif et de partage vers d\u2019autres applications<\/li>\r\n\t<li>Situer Canva dans la production d\u2019\u00e9l\u00e9ments graphiques (Web \/ Vid\u00e9o \/ Print)<\/li>\r\n<\/ul>\r\n<p><strong><em>\u2192 Exercice : (r\u00e9)organiser son environnement de production\u00a0<\/em><\/strong><\/p>\r\n<h3 class=\"chapitre\">Rappeler les r\u00e8gles de base de la composition graphique\u2026 Et les appliquer\u00a0<\/h3>\r\n<ul>\r\n\t<li>D\u00e9terminer les rapports de forces entre texte et image<\/li>\r\n\t<li>Adapter les contrastes et les proportions aux diff\u00e9rents supports de diffusion (imprim\u00e9s et num\u00e9riques)<\/li>\r\n\t<li>Cr\u00e9er des niveaux de lecture gr\u00e2ce \u00e0 la hi\u00e9rarchie des informations<\/li>\r\n<\/ul>\r\n<p><strong><em>\u2192 Exercice : sur la base d\u2019\u00e9l\u00e9ments fournis (textuels, photos\u2026), concevoir un visuel \u00ab dans les r\u00e8gles de l\u2019art \u00bb\u00a0<\/em><\/strong><\/p>\r\n<h3 class=\"chapitre\">Dynamiser et animer ses visuels\u00a0<\/h3>\r\n<ul>\r\n\t<li>Personnaliser un mod\u00e8le<\/li>\r\n\t<li>Cr\u00e9er ses propres mod\u00e8les r\u00e9utilisables<\/li>\r\n\t<li>Int\u00e9grer des animations au c\u0153ur de ses cr\u00e9ations<\/li>\r\n\t<li>Redimensionner un visuel<\/li>\r\n\t<li>Exp\u00e9rimenter le montage vid\u00e9o<\/li>\r\n\t<li>Cr\u00e9er pour les r\u00e9seaux sociaux (carrousel, ebook...)<\/li>\r\n\t<li>G\u00e9n\u00e9rer des pr\u00e9sentations<\/li>\r\n<\/ul>\r\n<p><strong><em>\u2192 Exercice : cr\u00e9er plusieurs visuels et vid\u00e9os<\/em><\/strong><\/p>\r\n<h3 class=\"chapitre\">Explorer les fonctionnalit\u00e9s d\u2019intelligence artificielle de Canva<\/h3>\r\n<ul>\r\n\t<li>G\u00e9n\u00e9rer des textes \u00e0 partir de demandes sp\u00e9cifiques<\/li>\r\n\t<li>G\u00e9n\u00e9rer des visuels \u00e0 partir de textes<\/li>\r\n\t<li>Cr\u00e9er automatiquement des visuels \u00e0 partir de ChatGPT et Canva\u00a0<\/li>\r\n<\/ul>\r\n<p><em><strong>\u2192 Exercice : \u00e0 partir d\u2019un brief, cr\u00e9er une illustration g\u00e9n\u00e9r\u00e9e par intelligence artificielle<\/strong><\/em><\/p>","FOR_Profil":"<p><span style=\"font-weight: 400;\">Ancien journaliste \/ Consultant nouveaux m\u00e9dias avec plus de 10 ans d\u2019exp\u00e9rience en animation de formation.<\/span><\/p>","FOR_Ressources":"<ul>\r\n\t<li style=\"font-weight: 400;\"><span style=\"font-weight: 400;\">Supports de cours d\u00e9mat\u00e9rialis\u00e9s<\/span><\/li>\r\n\t<li style=\"font-weight: 400;\"><span style=\"font-weight: 400;\">Abonnement de 3 mois \u00e0 <a href=\"https:\/\/fr.tuto.com\" target=\"_blank\" rel=\"noopener\">tuto.com<\/a><\/span><\/li>\r\n\t<li style=\"font-weight: 400;\">Acc\u00e8s illimit\u00e9 par mail \u00e0 la hotline Swash<\/li>\r\n<\/ul>","FOR_ModPres":"<h4><strong>Parcours p\u00e9dagogique : <\/strong><\/h4>\r\n<p><span style=\"font-weight: 400;\">Questionnaire de positionnement <span class=\"flechD\">\u276f<\/span> 1 jour pr\u00e9sentiel continu <span class=\"flechD\">\u276f <\/span><\/span><span class=\"s1\">\u00c9valuation des acquis<\/span><\/p>\r\n<h4><strong>M\u00e9thode p\u00e9dagogique : <\/strong><\/h4>\r\n<p><span style=\"font-weight: 400;\">Expositive + d\u00e9monstrative : expos\u00e9s th\u00e9oriques, d\u00e9monstrations, mise en pratique, feedbacks personnalis\u00e9s<\/span><\/p>\r\n<h4><strong>Moyens techniques : <\/strong><\/h4>\r\n<ul>\r\n\t<li><span style=\"font-weight: 400;\">1 poste par participant (Mac ou PC, selon votre choix)<\/span>, \u00e9quip\u00e9 de Canva, fourni par nos soins<\/li>\r\n\t<li>Poste de l\u2019intervenant reli\u00e9 \u00e0 un grand \u00e9cran ou vid\u00e9oprojecteur<\/li>\r\n<\/ul>","FOR_ModDist":"<h4>Parcours p\u00e9dagogique :<\/h4>\r\n<p><span style=\"font-weight: 400;\">Questionnaire de positionnement <span class=\"flechD\">\u276f<\/span> 1 classe virtuelle continue <span class=\"flechD\">\u276f <\/span><\/span><span class=\"s1\">\u00c9valuation des acquis<\/span><\/p>\r\n<h4>M\u00e9thode p\u00e9dagogique :<\/h4>\r\n<p>Expositive + d\u00e9monstrative : expos\u00e9s th\u00e9oriques, d\u00e9monstrations, mise en pratique, feedbacks personnalis\u00e9s<\/p>\r\n<h4>Moyens techniques :<\/h4>\r\n<ul>\r\n\t<li>Classe virtuelle cr\u00e9\u00e9e par nos soins<\/li>\r\n\t<li>Chaque apprenant participe \u00e0 la session avec son ordinateur, connect\u00e9 \u00e0 Internet, et \u00e9quip\u00e9 :\r\n\r\n<ul>\r\n\t<li>d\u2019un micro et d\u2019une cam\u00e9ra<\/li>\r\n\t<li>de l'application Canva<\/li>\r\n<\/ul>\r\n<\/li>\r\n<\/ul>","FOR_Eval":"<ul>\r\n\t<li style=\"font-weight: 400;\"><span style=\"font-weight: 400;\">Validation des acquis pendant la formation gr\u00e2ce \u00e0 des quiz et des exercices<\/span><\/li>\r\n\t<li style=\"font-weight: 400;\"><span style=\"font-weight: 400;\">Suivi d'acquisition des objectifs p\u00e9dagogiques par l'intervenant<\/span><\/li>\r\n\t<li style=\"font-weight: 400;\"><span style=\"font-weight: 400;\">\u00c9valuation \u00e0 chaud (remplie en fin de formation) et \u00e0 froid (\u00e0 60 jours)<\/span><\/li>\r\n<\/ul>","for_pourquoi":"","FOR_PlanCond":1,"FOR_PlanDist":[{"FOR_Dates":"12 mai 2025","FOR_Mentorat":null,"FOR_DateOff":"20250512"},{"FOR_Dates":"le 25 mars 2026","FOR_Mentorat":null,"FOR_DateOff":"20260325"},{"FOR_Dates":"le 12 octobre 2026","FOR_Mentorat":null,"FOR_DateOff":"20261012"}],"FOR_PlanPres":[{"FOR_Dates":"29 janvier 2025","FOR_Mentorat":null,"FOR_DateOff":"20250129"},{"FOR_Dates":"21 mai 2025","FOR_Mentorat":null,"FOR_DateOff":"20250521"},{"FOR_Dates":"le 18 mars 2026","FOR_Mentorat":null,"FOR_DateOff":"20260318"},{"FOR_Dates":"le 25 juin 2026","FOR_Mentorat":null,"FOR_DateOff":"20260625"},{"FOR_Dates":"le 3 septembre 2026","FOR_Mentorat":null,"FOR_DateOff":"20260903"},{"FOR_Dates":"le 18 d\u00e9cembre 2026","FOR_Mentorat":null,"FOR_DateOff":"20261218"}],"for_tag-new":false,"for_tag-update":false},"_links":{"self":[{"href":"https:\/\/www.swash-formation.fr\/sw-connect\/wp\/v2\/formation\/5709","targetHints":{"allow":["GET"]}}],"collection":[{"href":"https:\/\/www.swash-formation.fr\/sw-connect\/wp\/v2\/formation"}],"about":[{"href":"https:\/\/www.swash-formation.fr\/sw-connect\/wp\/v2\/types\/formation"}],"acf:post":[{"embeddable":true,"href":"https:\/\/www.swash-formation.fr\/sw-connect\/wp\/v2\/intervenant\/1619"}],"wp:attachment":[{"href":"https:\/\/www.swash-formation.fr\/sw-connect\/wp\/v2\/media?parent=5709"}],"wp:term":[{"taxonomy":"domaine","embeddable":true,"href":"https:\/\/www.swash-formation.fr\/sw-connect\/wp\/v2\/domaine?post=5709"},{"taxonomy":"motcle","embeddable":true,"href":"https:\/\/www.swash-formation.fr\/sw-connect\/wp\/v2\/motcle?post=5709"},{"taxonomy":"metier","embeddable":true,"href":"https:\/\/www.swash-formation.fr\/sw-connect\/wp\/v2\/metier?post=5709"},{"taxonomy":"etiquette","embeddable":true,"href":"https:\/\/www.swash-formation.fr\/sw-connect\/wp\/v2\/etiquette?post=5709"},{"taxonomy":"type_ra","embeddable":true,"href":"https:\/\/www.swash-formation.fr\/sw-connect\/wp\/v2\/type_ra?post=5709"},{"taxonomy":"logiciel","embeddable":true,"href":"https:\/\/www.swash-formation.fr\/sw-connect\/wp\/v2\/logiciel?post=5709"}],"curies":[{"name":"wp","href":"https:\/\/api.w.org\/{rel}","templated":true}]}}

Exploiter le potentiel de Canva pour produire des visuels fixes ou animés

<p><span style="font-weight: 400;">Intégrer les principes de la composition graphique et expérimenter les fonctionnalités de Canva pour créer des présentations, moodboards, vidéos…</span></p>

<ul>
	<li style="font-weight: 400;"><span style="font-weight: 400;">Personnaliser son environnement de travail </span></li>
	<li style="font-weight: 400;"><span style="font-weight: 400;">Rappeler les règles de base de la composition graphique… Et les appliquer </span></li>
	<li style="font-weight: 400;"><span style="font-weight: 400;">Dynamiser et animer ses visuels</span></li>
	<li style="font-weight: 400;"><span style="font-weight: 400;">Explorer les fonctionnalités d’intelligence artificielle de Canva</span></li>
</ul>

<ul>
	<li>votre projet et le contexte de votre demande pour co-construire le programme définitif</li>
	<li>le format : présentiel et/ou distanciel</li>
	<li>le tarif : calculé selon le temps de préparation, les moyens à mobiliser, le nombre de jours, le lieu de la formation…</li>
	<li>*la durée : à confirmer selon les prérequis et les objectifs à atteindre par les apprenants</li>
</ul>

<p><span style="font-weight: 400;">Tous les professionnels de la communication et du marketing sont concernés.</span></p>

<p><span style="font-weight: 400;">Il est nécessaire d’être à l’aise en informatique.</span></p>

<h3 class="chapitre">Personnaliser son environnement de travail</h3>
<ul>
	<li>Comparer la version pro et la version payante</li>
	<li>Organiser ses dossiers avec méthode</li>
	<li>Importer les éléments de sa marque : couleurs, polices, logos, visuels et illustrations </li>
	<li>Identifier les fonctionnalités de travail collaboratif et de partage vers d’autres applications</li>
	<li>Situer Canva dans la production d’éléments graphiques (Web / Vidéo / Print)</li>
</ul>
<p><strong><em>→ Exercice : (ré)organiser son environnement de production </em></strong></p>
<h3 class="chapitre">Rappeler les règles de base de la composition graphique… Et les appliquer </h3>
<ul>
	<li>Déterminer les rapports de forces entre texte et image</li>
	<li>Adapter les contrastes et les proportions aux différents supports de diffusion (imprimés et numériques)</li>
	<li>Créer des niveaux de lecture grâce à la hiérarchie des informations</li>
</ul>
<p><strong><em>→ Exercice : sur la base d’éléments fournis (textuels, photos…), concevoir un visuel « dans les règles de l’art » </em></strong></p>
<h3 class="chapitre">Dynamiser et animer ses visuels </h3>
<ul>
	<li>Personnaliser un modèle</li>
	<li>Créer ses propres modèles réutilisables</li>
	<li>Intégrer des animations au cœur de ses créations</li>
	<li>Redimensionner un visuel</li>
	<li>Expérimenter le montage vidéo</li>
	<li>Créer pour les réseaux sociaux (carrousel, ebook...)</li>
	<li>Générer des présentations</li>
</ul>
<p><strong><em>→ Exercice : créer plusieurs visuels et vidéos</em></strong></p>
<h3 class="chapitre">Explorer les fonctionnalités d’intelligence artificielle de Canva</h3>
<ul>
	<li>Générer des textes à partir de demandes spécifiques</li>
	<li>Générer des visuels à partir de textes</li>
	<li>Créer automatiquement des visuels à partir de ChatGPT et Canva </li>
</ul>
<p><em><strong>→ Exercice : à partir d’un brief, créer une illustration générée par intelligence artificielle</strong></em></p>

<p><span style="font-weight: 400;">Ancien journaliste / Consultant nouveaux médias avec plus de 10 ans d’expérience en animation de formation.</span></p>

<ul>
	<li style="font-weight: 400;"><span style="font-weight: 400;">Supports de cours dématérialisés</span></li>
	<li style="font-weight: 400;"><span style="font-weight: 400;">Abonnement de 3 mois à <a href="https://fr.tuto.com" target="_blank" rel="noopener">tuto.com</a></span></li>
	<li style="font-weight: 400;">Accès illimité par mail à la hotline Swash</li>
</ul>

<h4><strong>Parcours pédagogique : </strong></h4>
<p><span style="font-weight: 400;">Questionnaire de positionnement <span class="flechD">❯</span> 1 jour présentiel continu <span class="flechD">❯ </span></span><span class="s1">Évaluation des acquis</span></p>
<h4><strong>Méthode pédagogique : </strong></h4>
<p><span style="font-weight: 400;">Expositive + démonstrative : exposés théoriques, démonstrations, mise en pratique, feedbacks personnalisés</span></p>
<h4><strong>Moyens techniques : </strong></h4>
<ul>
	<li><span style="font-weight: 400;">1 poste par participant (Mac ou PC, selon votre choix)</span>, équipé de Canva, fourni par nos soins</li>
	<li>Poste de l’intervenant relié à un grand écran ou vidéoprojecteur</li>
</ul>

<h4>Parcours pédagogique :</h4>
<p><span style="font-weight: 400;">Questionnaire de positionnement <span class="flechD">❯</span> 1 classe virtuelle continue <span class="flechD">❯ </span></span><span class="s1">Évaluation des acquis</span></p>
<h4>Méthode pédagogique :</h4>
<p>Expositive + démonstrative : exposés théoriques, démonstrations, mise en pratique, feedbacks personnalisés</p>
<h4>Moyens techniques :</h4>
<ul>
	<li>Classe virtuelle créée par nos soins</li>
	<li>Chaque apprenant participe à la session avec son ordinateur, connecté à Internet, et équipé :

<ul>
	<li>d’un micro et d’une caméra</li>
	<li>de l'application Canva</li>
</ul>
</li>
</ul>

<ul>
	<li style="font-weight: 400;"><span style="font-weight: 400;">Validation des acquis pendant la formation grâce à des quiz et des exercices</span></li>
	<li style="font-weight: 400;"><span style="font-weight: 400;">Suivi d'acquisition des objectifs pédagogiques par l'intervenant</span></li>
	<li style="font-weight: 400;"><span style="font-weight: 400;">Évaluation à chaud (remplie en fin de formation) et à froid (à 60 jours)</span></li>
</ul>

le 18 décembre 2026
